are the prime factors of 129192?
2, 3, 7, 769
What are the prime factors of 1481777?
11, 134707
List the prime factors of 57671.
101, 571
What are the prime factors of 4682?
2, 2341
What are the prime factors of 370353?
3, 41, 3011
What are the prime factors of 3887045?
5, 701, 1109
What are the prime factors of 105694?
2, 43, 1229
List the prime factors of 31024026.
2, 3, 11, 29, 1801
List the prime factors of 1645303.
11, 373, 401
What are the prime factors of 2294088?
2, 3, 61, 1567
List the prime factors of 1516914.
2, 3, 7, 4013
What are the prime factors of 5888666?
2, 7, 41, 10259
List the prime factors of 89534.
2, 89, 503
List the prime factors of 389929.
17, 22937
What are the prime factors of 4171215?
3, 5, 29, 43, 223
List the prime factors of 288848.
2, 7, 2579
What are the prime factors of 5879?
5879
What are the prime factors of 218893?
71, 3083
List the prime factors of 419820.
2, 3, 5, 6997
List the prime factors of 848143.
848143
What are the prime factors of 962528?
2, 7, 4297
List the prime factors of 466963.
7, 19, 3511
What are the prime factors of 89310?
2, 3, 5, 13, 229
List the prime factors of 1243911.
3, 19, 139, 157
What are the prime factors of 5685404?
2, 1421351
List the prime factors of 7978203.
3, 47, 6287
What are the prime factors of 9651000?
2, 3, 5, 3217
What are the prime factors of 1133065?
5, 19, 11927
What are the prime factors of 2118307?
1097, 1931
List the prime factors of 10275361.
17, 604433
What are the prime factors of 9198386?
2, 1699, 2707
What are the prime factors of 2002890?
2, 3, 5, 66763
What are the prime factors of 13129207?
7, 13, 20611
What are the prime factors of 6592581?
3, 732509
List the prime factors of 398463.
3, 13, 17, 601
List the prime factors of 1977441.
3, 43, 15329
List the prime factors of 20304927.
3, 269, 8387
List the prime factors of 10254998.
2, 13, 137, 2879
List the prime factors of 4191932.
2, 19, 2903
List the prime factors of 9332083.
1811, 5153
List the prime factors of 997050.
2, 3, 5, 17, 23
List the prime factors of 97933.
11, 29, 307
List the prime factors of 16043.
61, 263
What are the prime factors of 106048?
2, 1657
What are the prime factors of 688573?
688573
List the prime factors of 21960668.
2, 17, 322951
List the prime factors of 129051.
3, 13, 1103
What are the prime factors of 294646?
2, 11, 59, 227
What are the prime factors of 8490812?
2, 11, 53, 331
What are the prime factors of 8735223?
3, 7, 415963
What are the prime factors of 3939514?
2, 1969757
List the prime factors of 736238.
2, 137, 2687
What are the prime factors of 13477850?
2, 5, 109, 2473
What are the prime factors of 3595550?
2, 5, 7, 10273
List the prime factors of 7233393.
3, 2411131
What are the prime factors of 3259255?
5, 71, 9181
What are the prime factors of 22415684?
2, 41, 103, 1327
What are the prime factors of 20026291?
20026291
List the prime factors of 12517.
12517
List the prime factors of 2967593.
631, 4703
List the prime factors of 545765.
5, 11, 9923
What are the prime factors of 123767?
7, 17681
What are the prime factors of 145169?
179, 811
List the prime factors of 5213790.
2, 3, 5, 19, 3049
List the prime factors of 970116.
2, 3, 7, 11549
List the prime factors of 15810292.
2, 23, 171851
List the prime factors of 2007699.
3, 29, 47, 491
What are the prime factors of 1338151?
19, 70429
List the prime factors of 5263603.
337, 15619
List the prime factors of 12063074.
2, 953, 6329
What are the prime factors of 318372?
2, 3, 43, 617
List the prime factors of 184532.
2, 46133
List the prime factors of 4569648.
2, 3, 31, 37, 83
What are the prime factors of 1033996?
2, 258499
What are the prime factors of 4904316?
2, 3, 59, 2309
What are the prime factors of 8965180?
2, 5, 7, 64037
List the prime factors of 95174.
2, 23, 2069
List the prime factors of 517652.
2, 127, 1019
What are the prime factors of 555452?
2, 138863
List the prime factors of 21887888.
2, 11, 124363
What are the prime factors of 6776936?
2, 79, 10723
List the prime factors of 67242.
2, 3, 7, 1601
What are the prime factors of 4674484?
2, 1168621
What are the prime factors of 275180?
2, 5, 13759
List the prime factors of 3415668.
2, 3, 19, 71, 211
What are the prime factors of 20995124?
2, 677, 7753
List the prime factors of 2721211.
31, 41, 2141
List the prime factors of 2231401.
1123, 1987
List the prime factors of 364227.
3, 167, 727
List the prime factors of 14824649.
7, 211, 10037
What are the prime factors of 9479192?
2, 863, 1373
List the prime factors of 779911.
11, 70901
List the prime factors of 250592.
2, 41, 191
What are the prime factors of 12589293?
3, 1009, 4159
List the prime factors of 16921330.
2, 5, 23, 73571
What are the prime factors of 2053314?
2, 3, 114073
What are the prime factors of 4698106?
2, 7, 335579
List the prime factors of 138185.
5, 29, 953
List the prime factors of 57956.
2, 14489
What are the prime factors of 3948627?
3, 1316209
List the prime factors of 6464062.
2, 11, 26711
What are the prime factors of 5230417?
5230417
What are the prime factors of 1400195?
5, 97, 2887
List the prime factors of 454889.
454889
List the prime factors of 375674.
2, 13, 14449
What are the prime factors of 469286?
2, 41, 59, 97
List the prime factors of 28563720.
2, 3, 5, 238031
List the prime factors of 87625.
5, 701
What are the prime factors of 1373276?
2, 73, 4703
What are the prime factors of 151715?
5, 19, 1597
List the prime factors of 1199580.
2, 3, 5, 19993
List the prime factors of 3577047.
3, 1192349
What are the prime factors of 2402443?
977, 2459
List the prime factors of 1114101.
3, 41263
What are the prime factors of 4873634?
2, 31, 78607
What are the prime factors of 762879?
3, 13, 31, 631
What are the prime factors of 625458?
2, 3, 104243
List the prime factors of 564811.
13, 23, 1889
What are the prime factors of 71124?
2, 3, 5927
What are the prime factors of 7856240?
2, 5, 7, 14029
What are the prime factors of 6076?
2, 7, 31
List the prime factors of 358419.
3, 37, 3229
What are the prime factors of 9769227?
3, 13, 23, 10891
What are the prime factors of 905445?
3, 5, 19, 353
List the prime factors of 122711.
277, 443
What are the prime factors of 2536955?
5, 67, 7573
List the prime factors of 2370841.
11, 215531
What are the prime factors of 1688624?
2, 7, 15077
List the prime factors of 404453.
7, 19, 3041
What are the prime factors of 11863960?
2, 5, 17, 73, 239
List the prime factors of 9597424.
2, 101, 5939
List the prime factors of 1816783.
1816783
What are the prime factors of 28549628?
2, 19, 59, 6367
List the prime factors of 334539.
3, 37171
List the prime factors of 107042.
2, 13, 23, 179
List the prime factors of 5823023.
37, 337, 467
List the prime factors of 10196520.
2, 3, 5, 31, 2741
List the prime factors of 16763985.
3, 5, 7, 19, 2801
List the prime factors of 559880.
2, 5, 13997
What are the prime factors of 288380?
2, 5, 14419
List the prime factors of 12993502.
2, 1861, 3491
What are the prime factors of 734134?
2, 593, 619
List the prime factors of 7650916.
2, 7, 13, 21019
What are the prime factors of 204502?
2, 102251
What are the prime factors of 655386?
2, 3, 19, 5749
What are the prime factors of 1848101?
263, 7027
List the prime factors of 1911145.
5, 382229
What are the prime factors of 2194452?
2, 3, 13, 521
What are the prime factors of 1165614?
2, 3, 194269
What are the prime factors of 3472317?
3, 281, 1373
What are the prime factors of 853392?
2, 3, 23, 773
What are the prime factors of 138494?
2, 69247
What are the prime factors of 2442118?
2, 7, 17, 31, 331
What are the prime factors of 3744792?
2, 3, 5779
List the prime factors of 7730391.
3, 2576797
List the prime factors of 1209120.
2, 3, 5, 11, 229
What are the prime factors of 349106?
2, 19, 9187
List the prime factors of 400873.
11, 3313
What are the prime factors of 461120?
2, 5, 11, 131
What are the prime factors of 12686973?
3, 13, 325307
List the prime factors of 16403756.
2, 4100939
List the prime factors of 430861.
430861
List the prime factors of 230013.
3, 7, 1217
List the prime factors of 4122742.
2, 13, 158567
List the prime factors of 238663.
17, 101, 139
List the prime factors of 1512085.
5, 302417
List the prime factors of 1830508.
2, 421, 1087
What ar